on factor of 17908 and 54822086.
814
What is the highest common divisor of 8262 and 40494?
102
What is the highest common divisor of 2276574 and 5559?
327
What is the highest common divisor of 504 and 6154104?
24
Calculate the greatest common divisor of 264484 and 90684.
44
Calculate the greatest common divisor of 23863484 and 524.
524
Calculate the greatest common factor of 1034 and 313518106.
1034
Calculate the highest common factor of 7669 and 34870943.
7669
What is the highest common divisor of 104 and 156918749?
13
What is the greatest common divisor of 98679429 and 1314?
657
Calculate the greatest common factor of 21 and 330218658.
21
What is the greatest common factor of 11658 and 2346564?
174
What is the greatest common divisor of 5696742 and 174?
6
Calculate the greatest common factor of 59481 and 423.
9
Calculate the greatest common divisor of 30 and 96031315.
5
What is the highest common divisor of 207 and 9156951?
9
Calculate the greatest common divisor of 12068608 and 224.
32
Calculate the greatest common factor of 17300896 and 212.
212
What is the highest common divisor of 324540 and 73440?
540
Calculate the highest common factor of 1135813 and 3400054.
1477
Calculate the greatest common factor of 252 and 13086668.
28
What is the highest common divisor of 4145 and 108344497?
829
What is the greatest common divisor of 45423 and 134148?
21
Calculate the greatest common factor of 13946806 and 2911.
41
Calculate the highest common factor of 133 and 19110238.
133
What is the greatest common factor of 10461 and 4823472?
951
Calculate the greatest common divisor of 900090 and 557355.
1095
What is the highest common factor of 32040 and 109381?
89
What is the highest common divisor of 194733 and 148247?
11
What is the greatest common divisor of 2282 and 8928488?
326
Calculate the greatest common divisor of 8050 and 30765950.
1150
Calculate the greatest common divisor of 511 and 125409109.
511
What is the greatest common divisor of 22648873 and 244?
61
Calculate the greatest common divisor of 322 and 30178898.
46
What is the greatest common divisor of 930 and 19594635?
465
What is the greatest common factor of 9588 and 14422749?
2397
What is the highest common factor of 20 and 30454705?
5
Calculate the greatest common divisor of 385 and 4534035.
55
Calculate the highest common factor of 1304 and 35828378.
326
Calculate the highest common divisor of 1900 and 11903785.
95
What is the greatest common factor of 289095 and 37260?
15
Calculate the highest common divisor of 103500 and 155940.
1380
What is the greatest common factor of 14554540 and 12155?
715
What is the highest common factor of 7427816 and 440?
88
Calculate the highest common factor of 223584688 and 16.
16
Calculate the highest common divisor of 738 and 36153.
9
Calculate the highest common factor of 3 and 5007623.
1
What is the greatest common divisor of 200 and 1301730?
10
Calculate the highest common divisor of 3029371 and 506322.
1223
What is the greatest common divisor of 45 and 4624735?
5
What is the highest common factor of 61866 and 7196096?
982
What is the highest common factor of 1746528 and 3682?
14
What is the greatest common divisor of 31 and 137611449?
31
Calculate the highest common factor of 11635 and 196005.
895
Calculate the highest common divisor of 110 and 1115554.
22
What is the highest common factor of 609907854 and 12618?
4206
Calculate the highest common factor of 234 and 9224046.
234
What is the highest common divisor of 339633 and 32238?
81
Calculate the highest common divisor of 110 and 23576260.
10
What is the greatest common factor of 4607603 and 3003?
1001
Calculate the highest common divisor of 22 and 549038138.
22
Calculate the highest common divisor of 56025 and 7025.
25
Calculate the greatest common factor of 11 and 1377949.
1
Calculate the greatest common factor of 20798960 and 6370.
910
What is the greatest common divisor of 162 and 4998456?
54
Calculate the greatest common factor of 2334642 and 6.
6
What is the highest common divisor of 2201969 and 22946?
77
Calculate the highest common factor of 254640 and 367860.
60
Calculate the greatest common factor of 760 and 89719900.
380
What is the greatest common factor of 13770 and 308046?
6
What is the highest common factor of 1370 and 102315984?
274
What is the highest common divisor of 129158799 and 105?
21
Calculate the highest common divisor of 3356364 and 127182.
3102
Calculate the highest common divisor of 1617525 and 57421.
91
Calculate the greatest common factor of 23845 and 1199780.
1255
Calculate the highest common factor of 8460 and 979700430.
1410
Calculate the greatest common factor of 3918558 and 4740.
474
Calculate the greatest common divisor of 1760 and 34992.
16
What is the greatest common factor of 285 and 118899492?
57
What is the greatest common factor of 39400642 and 4902?
1634
Calculate the highest common factor of 340870 and 975440.
890
Calculate the greatest common factor of 1526 and 1452486.
14
What is the greatest common factor of 4014 and 135099?
9
What is the greatest common factor of 32 and 34033228?
4
What is the highest common divisor of 5407 and 698449225?
5407
What is the highest common divisor of 241062 and 420?
6
Calculate the highest common divisor of 13 and 174817266.
13
Calculate the highest common factor of 60831 and 2412.
9
Calculate the highest common divisor of 68342964 and 3058.
278
What is the highest common divisor of 35081625 and 12240?
255
What is the greatest common divisor of 2615967 and 1917?
9
Calculate the highest common factor of 564496 and 4304.
16
Calculate the greatest common divisor of 36208 and 56792.
248
What is the highest common divisor of 190 and 2507278?
38
Calculate the greatest common divisor of 391 and 1052756943.
391
What is the greatest common divisor of 34577 and 387589?
71
What is the highest common factor of 9261311 and 20519?
1207
What is the highest common divisor of 7052 and 33380642?
3526
What is the highest common factor of 27 and 49118859?
27
What is the greatest common divisor of 102668995 and 2145?
715
What is the greatest common divisor of 404765 and 6770?
5
What is the greatest common factor of 32231649 and 1427?
1427
What is the highest common factor of 525 and 350418075?
525
Calculate the greatest common divisor of 206641302 and 798.
798
What is the highest common factor of 105448 and 134456?
392
What is the greatest common factor of 13380 and 26476?
4
Calculate the highest common divisor of 225271 and 137803543.
4793
Calculate the greatest common factor of 826304 and 8104.
8
Calculate the highest common factor of 101019 and 363267.
669
What is the highest common factor of 389447184 and 4704?
336
What is the greatest common factor of 8184 and 1717896?
744
Calculate the highest common factor of 168 and 4853808.
24
Calculate the highest common factor of 13920 and 427580.
20
What is the greatest common divisor of 167493976 and 1352?
104
What is the highest common factor of 138 and 559601822?
46
Calculate the highest common divisor of 9292 and 823958.
202
What is the highest common factor of 3 and 264787?
1
What is the greatest common factor of 47571007 and 33?
11
Calculate the highest common factor of 334969496 and 5780.
1156
Calculate the highest common factor of 1026248 and 32267.
787
What is the highest common divisor of 45065306 and 5720?
286
What is the greatest common divisor of 219021112 and 11336?
872
Calculate the highest common factor of 1738293699 and 2637.
879
Calculate the greatest common divisor of 1113032 and 289448.
2984
Calculate the greatest common factor of 393310757 and 11417.
1631
What is the greatest common factor of 2524 and 521452721?
631
Calculate the highest common divisor of 10775102 and 20618.
338
What is the highest common factor of 27560 and 429180856?
5512
What is the highest common divisor of 688653 and 21063?
357
Calculate the greatest common factor of 116565263 and 281.
281
Calculate the highest common factor of 854 and 75318103.
427
Calculate the highest common divisor of 264 and 2088834.
66
Calculate the greatest common factor of 131370988 and 28.
28
Calculate the highest common factor of 68 and 901304674.
34
Calculate the highest common factor of 29973650 and 1050.
350
Calculate